ppose 0 = -4*x + 5*j + 743, -5*x = -x + 2*j - 750. Let z be (24/(-20))/((-4)/(-20)). What is the units digit of x/(-33)*(z + 0)?
4
Suppose 0 = -2*g - 4, 13 = b - 3*g - g. Suppose -w - 36 = -b*l, -4*w = -0*l - l - 8. What is the units digit of 13/(4 - 30/l)?
2
Suppose -4*h - 6763 = b - 54373, 5*b = 30. What is the units digit of h?
1
Let x(n) = -16*n**2 + 1. Let l be (-1 + 0)/((-7)/(-21)). Let t be x(l). Let b = -50 - t. What is the units digit of b?
3
Let u(b) = -b**2 - 3*b - 3. Let s be u(-3). Let l be s/(-9)*3*-1 - -1. Suppose -5*t + 146 + 174 = l. What is the tens digit of t?
6
Let d be (7/(7/(-4)))/((-4)/8). Let t(s) = 37*s - 36. What is the tens digit of t(d)?
6
Suppose -3*q + 7*q = 16. Let f be (-2 + 3 + -16)/(6/(-2)). Suppose 872 = f*g - 3*j + 2*j, 702 = q*g - 3*j. What is the hundreds digit of g?
1
Suppose -70314 = -3*v - 2*h, 4*v - 9*h + 4*h = 93775. What is the thousands digit of v?
3
Suppose -48*c = -39*c - 6336. What is the tens digit of c?
0
Suppose -5*c = -3*m + 2*m - 735, 3*m + 577 = 4*c. Let t = -243 + c. Let j = t - -148. What is the tens digit of j?
5
Let n = -1755 + 7240. What is the thousands digit of n?
5
Suppose 4*h - 14417 = -0*y - 5*y, 0 = -4*h + 5*y + 14447. What is the units digit of h?
8
Let b = 74952 + -41318. What is the tens digit of b?
3
Let s = 180 + -122. Let a = s + -52. Suppose 0*u - a*u + 36 = 0. What is the units digit of u?
6
Suppose -4*y + 0*y + 2*o + 26 = 0, 2*o + 2 = y. Let s = 41 - y. What is the tens digit of s?
3
Let f(d) = 13*d + 316. Suppose v = -3*x + 59, 4*v = 5*v - 3*x - 59. What is the units digit of f(v)?
3
Suppose -3*y = 3*i - 255, 0*y - y + 5 = 0. Let k(o) = -o**3 - 11*o**2 - 9*o + 3. Let h be k(-10). Let j = h + i. What is the tens digit of j?
7
What is the ten thousands digit of 2215262/49 - (9 - (-60)/(-7))?
4
Let n = -650 - 4550. What is the units digit of (84/7)/(12/n*-5)?
0
Let o(d) = d**2 - 18*d + 3. Let j be o(18). Suppose 5*n = 5*c + 5, -c - 4*c - j = -3*n. Suppose 2*w + y = 457, 4 = -y - n. What is the hundreds digit of w?
2
What is the thousands digit of ((-3178)/21)/(12/(-2790)) - (5 + -2)?
5
Suppose -3*a = 4*v - 12, 9*v + 5*a + 15 = 14*v. Suppose -v*l = 8*i - 9*i + 103, -l - 5 = 0. What is the tens digit of i?
8
Let o be 3 + ((-14)/(-1))/1. Let d = 33 - o. What is the tens digit of -4 - (d/4 - 55)?
4
Let u(a) = 9*a**2 - 21*a + 5. Let z be u(3). Suppose 832 = z*p - 10*p. What is the tens digit of p?
6
Suppose 0 = -f + 6, -27*f - 74031 = -3*a - 24*f. What is the ten thousands digit of a?
2
What is the units digit of 16/(-40)*-7715 - -11?
7
Let f = -21010 - -29815. What is the hundreds digit of f?
8
Suppose 0 = 21*u + 265*u - 529672. What is the thousands digit of u?
1
Let x = 20 - 20. Suppose x = 4*n - 178 - 1018. Let p = n + -179. What is the tens digit of p?
2
What is the units digit of ((-6)/(-4))/(630/3702300)?
5
Let i be 1/3 + 136/6. Suppose 37 = 14*r - 13*r + 4*g, -r + 33 = 3*g. Suppose -r*m = -i*m + 78. What is the units digit of m?
9
Let q = -27571 - -41033. What is the tens digit of q?
6
Let t be (-10)/(60/27)*(-2)/1. Suppose 18*b - 6399 = t*b. What is the units digit of b?
1
Let y(v) = 5522*v**2 + 753*v - 2255. What is the thousands digit of y(3)?
9
Let r(s) = 3*s - 65. Let f be r(24). What is the tens digit of (8/(-6))/(f + (-6690)/954)?
0
Suppose 0 = 5*d - 3*l - 47, -9 = -3*d - 9*l + 6*l. Suppose -d*n + 5397 = -4*n + 3*g, 2*n - 2*g - 3614 = 0. What is the tens digit of n?
0
Suppose 695*m + 18841 = 656*m + 697363. What is the thousands digit of m?
7
What is the units digit of ((-6)/7)/(-3) + (-3 - 413673/(-21))?
6
Let d be 930 + 11/(-13) + 10/(-65). Suppose -4*n - 4*w + d = -w, -n + 221 = 3*w. What is the tens digit of n?
3
Suppose -13*z = 303 + 61. Let i be 2/((-8)/z)*(-8)/(-14). What is the tens digit of (-43)/i*6*-2?
2
What is the tens digit of (-2*8095/15)/(13/(-78))?
7
Let o = -6166 - -33469. What is the ten thousands digit of o?
2
Let x(f) = -f - 1. Let r(b) = -2*b**2 + b - 3. Let o(t) = -r(t) + 2*x(t). What is the tens digit of o(-9)?
9
Suppose -5*k + m + 35 = 4*m, 2*k - 28 = -4*m. Suppose 3*c + 1707 = 2*h, c + k*c = -5. What is the tens digit of h?
5
Let x = -1651 + 9143. What is the thousands digit of x?
7
Let z = -539 + 543. Suppose m + 1077 = p, -p + 3*m = z*p - 5383. What is the thousands digit of p?
1
Let w(y) = y**3 + 9*y**2 - 12*y - 9. Let k be w(-10). Let v(z) = 4*z - k - 27*z + 10 - 14. What is the units digit of v(-8)?
9
Let i = 75 - 42. Let y = i + 43. Let t = 154 - y. What is the units digit of t?
8
Let n be ((-2)/(-4)*-2)/(1/(-27)). Let t(a) = 1 + 9 + 5 + n*a. What is the units digit of t(3)?
6
Let r be -68*(3/(-5))/((-4)/5). Let h = -54 - r. Let k(j) = 7*j + 28. What is the units digit of k(h)?
7
What is the ten thousands digit of (323/19 - 1) + 19212?
1
Let f be (174/18 - 7)*(56 - 2). Let q = f + -45. What is the units digit of q?
9
What is the units digit of 1502*(-3)/(-2)*(-250)/(-15)?
0
Suppose 5*b - 19182 = -2*c, -3*c + 22*b + 28773 = 20*b. What is the thousands digit of c?
9
Suppose -809097 = -19*k - 576001 + 790263. What is the thousands digit of k?
3
Let z be (84/49)/(0 - 10/(-35)). What is the units digit of (3 + 5 + (2 - z))*193?
2
Suppose -3*v - 4*b = -5*b - 17, 45 = 5*v - 5*b. Suppose -3*c + 485 - 68 = v*j, 5*c + 2*j = 695. What is the units digit of c?
9
Suppose -5*n = -14*l + 404482 + 35415, -4*l + 5*n + 125667 = 0. What is the units digit of l?
3
What is the thousands digit of (-39)/((-507)/(-59098))*-5?
2
Suppose 4*t + 3*h = -0*h + 57, -45 = -5*t + 5*h. Suppose 4*n + 2*l = 568, -t = -7*l + 4*l. What is the hundreds digit of 2/((-2)/4*(-4)/n)?
1
Suppose 0 = 14*w - 17*w. Let n be -1*(-2 + 3) - w. What is the tens digit of n/((-45)/4641) - 2/15?
0
Let h = 66042 + -30410. What is the ten thousands digit of h?
3
Suppose 3*u - 33 = 4*b, 1 = -5*u + 4*u. What is the hundreds digit of 626 - ((-5)/(-10) - b/2)?
6
Let w(o) = 1. Let d(p) = p + 2. Let h(g) = -4*d(g) - 36*w(g). Let j be h(-11). Suppose -7*k + 843 + 809 = j. What is the tens digit of k?
3
Suppose 0 = 14*p + 23223 - 100363. What is the hundreds digit of p?
5
Let p = -358 + 200. Let h = p + 238. Suppose -5*r + h = -3*r. What is the units digit of r?
0
Let r be 22/3*7575/50. Suppose -11*z + 165 = -r. What is the hundreds digit of z?
1
Let w(s) = s**3 + 44*s**2 + 83*s - 31. Let o be w(-42). Suppose f - 2*v - 329 = 0, -f + 12*v - o*v + 329 = 0. What is the units digit of f?
9
Let u(j) = -2*j**3 - 7*j**2 - 6*j + 7. Suppose -18 = 3*o + 3*w, 3*w = 2*o + 2*o + 24. Let t be u(o). Suppose 3*d - t = 8. What is the units digit of d?
7
Let z(v) = 483*v**2 + 105*v - 481. What is the tens digit of z(7)?
2
Let p be 7 + (7 - 7) + -4. Suppose 896 = p*x + 5*f - 60, 4*x = -5*f + 1273. What is the hundreds digit of x?
3
Let h = -11936 - -20421. What is the tens digit of h?
8
Suppose 4*h - 148059 = -5*o, 3*h = -10*o + 2*h + 296111. What is the units digit of o?
1
Let k = -2140 - -18762. What is the units digit of k?
2
Let f(o) = -o**3 + o**2 + 24*o + 2103. What is the thousands digit of f(0)?
2
Suppose -8*a + 344 = -4*a. Suppose -2*g - a = -22. Let s = g + 55. What is the tens digit of s?
2
Suppose -2*r = 2*r. Suppose r = 4*o - 4*u - 228, 5*o - 4*u = -6*u + 292. What is the tens digit of (2 + 3/(-2))*o?
2
Let u(s) = 23*s + 3. Let n be u(0). Suppose r = 2*v + 131, n*v = -5*r + 6*r - 130. What is the hundreds digit of r?
1
Suppose 79 = -3*r + 85. Suppose 1811 = 5*s + 3*x - 0*x, x + 720 = r*s. What is the tens digit of s?
6
Let q(d) = d**2 - 7*d - 34. Let w = 242 - 220. What is the tens digit of q(w)?
9
Suppose 92573 = 11*k + 2*k. What is the tens digit of k?
2
Let p = 15638 - 6246. What is the thousands digit of p?
9
Let q be (3 + 1155/(-12))/((-3)/12). What is the tens digit of q/2*(-36)/(-18)?
7
Suppose -2651*h + 41090 = -2637*h. What is the thousands digit of h?
2
Suppose 13*c - 225 = -2*c. Suppose -n + c = 2*n. Suppose n*z - z = 556. What is the tens digit of z?
3
Suppose -4*y + 452 + 70 = -2*f, -2*y + 3*f + 259 = 0. Suppose 0 = -n + 4*r - 2*r + 65, 0 = 2*n - r - 133. Let w = y - n. What is the tens digit of w?
6
Let t = 389 - 596. What is the hundreds digit of t/36 + 5 - 8950/(-8)?
1
Let k(g) = g**3 - 4*g**2 - 11*g + 2. Let f be k(6). Suppose -6*v + f*v - 2 = 0. What is the tens digit of -1 + (-